it of 2217409353?
0
What is the hundred thousands digit of 34589030?
5
What is the units digit of 675590276?
6
What is the tens digit of 61251214?
1
What is the hundred thousands digit of 805016576?
0
What is the hundred millions digit of 153688741?
1
What is the hundred thousands digit of 1741494488?
4
What is the hundreds digit of 16361767?
7
What is the tens digit of 902495274?
7
What is the millions digit of 151255221?
1
What is the hundred millions digit of 2309886247?
3
What is the tens digit of 73887181?
8
What is the thousands digit of 2484870?
4
What is the tens digit of 4841167773?
7
What is the tens digit of 1022561092?
9
What is the hundreds digit of 3719675401?
4
What is the thousands digit of 11379919?
9
What is the units digit of 2358129080?
0
What is the ten thousands digit of 7753546?
5
What is the ten thousands digit of 24004519?
0
What is the ten millions digit of 2356712713?
5
What is the tens digit of 771666752?
5
What is the hundreds digit of 260240504?
5
What is the thousands digit of 322039713?
9
What is the hundred millions digit of 215355195?
2
What is the millions digit of 479641295?
9
What is the millions digit of 53686582?
3
What is the tens digit of 701597814?
1
What is the tens digit of 2243419775?
7
What is the millions digit of 724407043?
4
What is the millions digit of 267419216?
7
What is the tens digit of 456988595?
9
What is the hundred millions digit of 352505098?
3
What is the hundred millions digit of 205207683?
2
What is the hundred millions digit of 2259561199?
2
What is the billions digit of 2769166673?
2
What is the hundred thousands digit of 2934282?
9
What is the hundred thousands digit of 166660990?
6
What is the hundreds digit of 3971545396?
3
What is the hundred thousands digit of 109349528?
3
What is the millions digit of 25565508?
5
What is the hundred millions digit of 1875265504?
8
What is the hundred thousands digit of 121755234?
7
What is the millions digit of 66410528?
6
What is the ten millions digit of 485352191?
8
What is the hundreds digit of 13186667?
6
What is the hundreds digit of 4050466458?
4
What is the hundred thousands digit of 3343763997?
7
What is the ten thousands digit of 4187928294?
2
What is the billions digit of 2151680818?
2
What is the millions digit of 1850191858?
0
What is the hundred millions digit of 209583048?
2
What is the millions digit of 302013329?
2
What is the thousands digit of 672964922?
4
What is the millions digit of 1938365487?
8
What is the thousands digit of 180603853?
3
What is the tens digit of 580531258?
5
What is the ten millions digit of 1241624198?
4
What is the hundred thousands digit of 578686025?
6
What is the hundred millions digit of 627721023?
6
What is the hundreds digit of 76965228?
2
What is the millions digit of 2389264243?
9
What is the ten thousands digit of 40456801?
5
What is the ten millions digit of 7577538990?
7
What is the units digit of 8173305?
5
What is the millions digit of 68151187?
8
What is the hundreds digit of 91472109?
1
What is the millions digit of 36546764?
6
What is the ten thousands digit of 123204290?
0
What is the tens digit of 84522588?
8
What is the units digit of 2344635807?
7
What is the ten thousands digit of 65494020?
9
What is the units digit of 173963399?
9
What is the hundred thousands digit of 234630560?
6
What is the millions digit of 802172223?
2
What is the hundred thousands digit of 97520310?
5
What is the ten thousands digit of 100691427?
9
What is the ten millions digit of 189174519?
8
What is the ten millions digit of 665697508?
6
What is the millions digit of 57420430?
7
What is the hundreds digit of 5546065169?
1
What is the hundred thousands digit of 224873629?
8
What is the tens digit of 675180894?
9
What is the hundreds digit of 2282548825?
8
What is the hundred thousands digit of 56005667?
0
What is the ten thousands digit of 230476382?
7
What is the hundred thousands digit of 935130230?
1
What is the ten millions digit of 118737896?
1
What is the ten millions digit of 1849342314?
4
What is the millions digit of 88768190?
8
What is the ten thousands digit of 57129423?
2
What is the tens digit of 1722989980?
8
What is the tens digit of 127910390?
9
What is the tens digit of 80563681?
8
What is the hundreds digit of 276371192?
1
What is the millions digit of 323398186?
3
What is the hundred thousands digit of 35128853?
1
What is the hundred thousands digit of 26578609?
5
What is the ten thousands digit of 3021506?
2
What is the hundreds digit of 568405180?
1
What is the ten thousands digit of 55372276?
7
What is the millions digit of 2247336262?
7
What is the tens digit of 2974801987?
8
What is the thousands digit of 334243356?
3
What is the units digit of 8588973?
3
What is the thousands digit of 1005014952?
4
What is the billions digit of 1994005023?
1
What is the millions digit of 272109390?
2
What is the thousands digit of 67104479?
4
What is the units digit of 185255735?
5
What is the hundred thousands digit of 99841078?
8
What is the hundreds digit of 19388619?
6
What is the ten millions digit of 1718183833?
1
What is the tens digit of 82176247?
4
What is the units digit of 62621423?
3
What is the ten thousands digit of 377168963?
6
What is the hundred thousands digit of 1365416294?
4
What is the hundred thousands digit of 2754142702?
1
What is the ten millions digit of 69474046?
6
What is the hundred thousands digit of 108512295?
5
What is the units digit of 427083375?
5
What is the units digit of 17410526?
6
What is the tens digit of 39649746?
4
What is the ten millions digit of 4189124883?
8
What is the hundreds digit of 24295903?
9
What is the thousands digit of 608389800?
9
What is the tens digit of 641973309?
0
What is the tens digit of 5658845?
4
What is the ten millions digit of 100353213?
0
What is the ten thousands digit of 4785207357?
0
What is the tens digit of 4056253045?
4
What is the hundred thousands digit of 16867454?
8
What is the ten thousands digit of 17877312?
7
What is the ten thousands digit of 108569903?
6
What is the ten thousands digit of 1839116401?
1
What is the units digit of 19244005?
5
What is the hundreds digit of 2894198863?
8
What is the ten thousands digit of 160963617?
6
What is the hundreds digit of 1834068085?
0
What is the hundreds digit of 211228023?
0
What is the hundred thousands digit of 35531052?
5
What is the ten thousands digit of 69025961?
2
What is the ten millions digit of 10710093?
1
What is the millions digit of 325722155?
5
What is the millions digit of 4490217407?
0
What is the units digit of 5514453063?
3
What is the hundred thousands digit of 473638662?
6
What is the hundreds digit of 19603633?
6
What is the millions digit of 452384254?
2
What is the units digit of 23468138?
8
What is the tens digit of 165861211?
1
What is the thousands digit of 2827742041?
2
What is the millions digit of 241549818?
1
What is the hundred thousands digit of 1316026003?
0
What is the tens digit of 250073698?
9
What is the millions digit of 1174559208?
4
What is the billions digit of 1929572206?
1
What is the thousands digit of 868796664?
6
What is the millions digit of 132933554?
2
What is the ten thousands digit of 1384412469?
1
What is the ten millions digit of 5741055963?
4
What is the tens digit of 381497058?
5
What is the millions digit of 2320156282?
0
What is the units digit of 20187556?
6
What is the thousands digit of 40752074?
2
What is the millions digit of 1000056244?
0
What is the thousands digit of 1000739417?
9
What is the thousands digit of 579498773?
8
What is the tens digit of 17930407?
0
What is the hundred millions digit of 4659291201?
6
What is the hundred thousands digit of 207558692?
5
What is the hundred thousands digit of 214156957?
1
What is the tens digit of 128727275?
7
What is the ten millions digit of 445879245?
4
What is the ten millions digit of 72585031?
7
What is the thousands digit of 3377725142?
5
What is the tens digit of 248659365?
6
What is the hundred thousands digit of 77425604?
4
What is the millions digit of 93509462?
3
What is the thousands digit of 6971375370?
5
What is the thousands digit of 1860372149?
2
What is the thousands digit of 28356146?
6
What is the hundred thousands digit of 23134380?
1
